{"id":248645,"date":"2025-04-29T18:04:34","date_gmt":"2025-04-29T22:04:34","guid":{"rendered":"https:\/\/menuculture.com\/recipeshop\/product\/rodelle-paste-vanilla-4-fl-oz-pack-of-1\/"},"modified":"2025-08-12T16:56:35","modified_gmt":"2025-08-12T20:56:35","slug":"rodelle-paste-vanilla-4-fl-oz-pack-of-1","status":"publish","type":"product","link":"https:\/\/menuculture.com\/recipeshop\/product\/rodelle-paste-vanilla-4-fl-oz-pack-of-1\/","title":{"rendered":"Rodelle Paste, Vanilla, 4 Fl Oz (Pack of 1)"},"content":{"rendered":"<ul>\n<li>Vanilla paste can be substituted for any vanilla bean or vanilla extract recipe<\/li>\n<\/ul>\n<ul>\n<li>Use in a 1: 1 ratio in any recipe that calls for vanilla extract or vanilla beans<\/li>\n<\/ul>\n<ul>\n<li>Contains flecks of vanilla beans as well as pure vanilla extract<\/li>\n<\/ul>\n<ul>\n<li>Low cost alternative while still maintaining the beautiful aesthetic of vanilla beans<\/li>\n<\/ul>\n<ul>\n<li>Rodelle supports sustainable living in vanilla-growing regions<\/li>\n<\/ul>\n","protected":false},"excerpt":{"rendered":"<p> [&#8230;]\n","protected":false},"featured_media":248645,"comment_status":"open","ping_status":"closed","template":"","meta":{"wprm-recipe-roundup-name":"","wprm-recipe-roundup-description":"","wpupg_custom_link":[],"wpupg_custom_link_behaviour":[],"wpupg_custom_link_nofollow":[],"wpupg_custom_image":[],"wpupg_custom_image_id":[],"advanced_seo_description":"","jetpack_seo_html_title":"","jetpack_seo_noindex":false,"jetpack_post_was_ever_published":false,"_daim_seo_power":"","_daim_enable_ail":"","_FSMCFIC_featured_image_caption":"","_FSMCFIC_featured_image_nocaption":"","_FSMCFIC_featured_image_hide":""},"product_cat":[132789,132726,132727],"product_tag":[],"class_list":{"0":"post-248645","1":"product","2":"type-product","3":"status-publish","4":"has-post-thumbnail","6":"product_brand-rodelle","7":"product_cat-cooking-baking","8":"product_cat-grocery-gourmet-food","9":"product_cat-pantry-staples","11":"first","12":"instock","13":"virtual","14":"purchasable","15":"product-type-simple"},"jetpack_sharing_enabled":true,"jetpack_likes_enabled":true,"jetpack-related-posts":[{"id":248652,"url":"https:\/\/menuculture.com\/recipeshop\/product\/rodelle-gourmet-pure-vanilla-extract-8-oz\/","url_meta":{"origin":248645,"position":0},"title":"Rodelle Gourmet Pure Vanilla Extract, 8 Oz","author":"","date":"April 29, 2025","format":false,"excerpt":"PREMIUM VANILLA EXPERIENCE: Made with only pure ingredients; vanilla beans, water and alcohol, Rodelle's Gourmet Vanilla Extract is a premium vanilla extract. We hand-craft each batch from the finest vanilla beans for exceptional quality and flavor. GOURMET VANILLA: Rodelle Gourmet Pure vanilla extract is made with only three ingredients and\u2026","rel":"","context":"Similar post","block_context":{"text":"Similar post","link":""},"img":{"alt_text":"","src":"","width":0,"height":0},"classes":[]},{"id":248646,"url":"https:\/\/menuculture.com\/recipeshop\/product\/rodelle-fair-trade-organic-pure-vanilla-extract\/","url_meta":{"origin":248645,"position":1},"title":"Rodelle Fair Trade Organic Pure Vanilla Extract","author":"","date":"April 29, 2025","format":false,"excerpt":"Fairtrade and Organic Certified vanilla extract \u2013 responsibly sourced from Madagascar. Ingredients: Organic Vanilla Bean Extractives in Water and Organic Alcohol Extracted with care in Rodelle\u2019s wind-powered facility in Colorado from hand-pollinated Madagascar Bourbon vanilla beans. Consistently great tasting vanilla extract from vanilla beans that are traceable to the farmer.\u2026","rel":"","context":"Similar post","block_context":{"text":"Similar post","link":""},"img":{"alt_text":"","src":"","width":0,"height":0},"classes":[]},{"id":248651,"url":"https:\/\/menuculture.com\/recipeshop\/product\/rodelle-pure-vanilla-extract-32-ounce\/","url_meta":{"origin":248645,"position":2},"title":"Rodelle Pure Vanilla Extract, 32 Ounce","author":"","date":"April 29, 2025","format":false,"excerpt":"This product is perfect for restaurants, food service, and home cooks alike Our vanilla extraction utilizes a highly advanced heat percolation process that ensures a deep and rich vanilla flavor For great delicious recipe ideas be sure to visit our Rodelle Kitchen website 75% of our waste is recycled or\u2026","rel":"","context":"Similar post","block_context":{"text":"Similar post","link":""},"img":{"alt_text":"","src":"","width":0,"height":0},"classes":[]},{"id":249465,"url":"https:\/\/menuculture.com\/recipeshop\/product\/slofoodgroup-gourmet-madagascar-vanilla-beans-premium-grade-a-bourbon-vanilla-pods-from-madagascar-vanilla-planifolia-for-baking-and-vanilla-extract\/","url_meta":{"origin":248645,"position":3},"title":"Slofoodgroup Gourmet Madagascar Vanilla Beans &#8211; Premium Grade A Bourbon Vanilla Pods from Madagascar Vanilla Planifolia for Baking and Vanilla Extract","author":"","date":"May 1, 2025","format":false,"excerpt":"Madagascar Bourbon Vanilla Beans Gourmet Vanilla Planifolia Madagascar Vanilla Beans are 14 cm and up with rich notes of chocolatey, butter and aromatic Madagascar Vanilla is perfect for making vanilla extract or any baking needs that call for vanilla beans Vanilla flavor can be described as warm, creamy, butter with\u2026","rel":"","context":"Similar post","block_context":{"text":"Similar post","link":""},"img":{"alt_text":"","src":"","width":0,"height":0},"classes":[]},{"id":245168,"url":"https:\/\/menuculture.com\/recipeshop\/product\/magnolia-star-vanilla-bean-paste-16-oz-made-with-organic-agave-vanilla-bean-powder-double-strength-pure-vanilla-extract-8-oz-bottles-2-ct\/","url_meta":{"origin":248645,"position":4},"title":"Magnolia-Star Vanilla Bean Paste, 16 oz., Made with Organic Agave, Vanilla Bean Powder &#038; Double Strength Pure Vanilla Extract (8 oz. Bottles, 2 Ct)","author":"","date":"April 26, 2025","format":false,"excerpt":"VANILLA BEAN PASTE: Enhance the flavor of any recipe with Magnolia-Star Vanilla Bean Paste. Add vanilla bean flavoring and real vanilla bean specks to cakes, pudding, cookies, whipped cream, ice cream, coffee and cr\u00e8me br\u00fbl\u00e9e. CLEAN AND SIMPLE INGREDIENTS: Our natural vanilla paste is made with organic agave, vanilla bean\u2026","rel":"","context":"Similar post","block_context":{"text":"Similar post","link":""},"img":{"alt_text":"","src":"","width":0,"height":0},"classes":[]},{"id":249472,"url":"https:\/\/menuculture.com\/recipeshop\/product\/madagascar-vanilla-beans-extract-grade-b-vanilla-pods-bourbon-vanilla-planifolia-from-madagascar-for-cooking-baking-and-vanilla-extract\/","url_meta":{"origin":248645,"position":5},"title":"Madagascar Vanilla Beans &#8211; Extract Grade B Vanilla Pods &#8211; Bourbon Vanilla Planifolia from Madagascar for Cooking, Baking, and Vanilla Extract","author":"","date":"May 1, 2025","format":false,"excerpt":"No detailed information available for this product.","rel":"","context":"Similar post","block_context":{"text":"Similar post","link":""},"img":{"alt_text":"","src":"","width":0,"height":0},"classes":[]}],"_links":{"self":[{"href":"https:\/\/menuculture.com\/recipeshop\/wp-json\/wp\/v2\/product\/248645","targetHints":{"allow":["GET"]}}],"collection":[{"href":"https:\/\/menuculture.com\/recipeshop\/wp-json\/wp\/v2\/product"}],"about":[{"href":"https:\/\/menuculture.com\/recipeshop\/wp-json\/wp\/v2\/types\/product"}],"replies":[{"embeddable":true,"href":"https:\/\/menuculture.com\/recipeshop\/wp-json\/wp\/v2\/comments?post=248645"}],"wp:featuredmedia":[{"embeddable":true,"href":"https:\/\/menuculture.com\/recipeshop\/wp-json\/wp\/v2\/product\/248645"}],"wp:attachment":[{"href":"https:\/\/menuculture.com\/recipeshop\/wp-json\/wp\/v2\/media?parent=248645"}],"wp:term":[{"taxonomy":"product_cat","embeddable":true,"href":"https:\/\/menuculture.com\/recipeshop\/wp-json\/wp\/v2\/product_cat?post=248645"},{"taxonomy":"product_tag","embeddable":true,"href":"https:\/\/menuculture.com\/recipeshop\/wp-json\/wp\/v2\/product_tag?post=248645"}],"curies":[{"name":"wp","href":"https:\/\/api.w.org\/{rel}","templated":true}]}}