{"id":245127,"date":"2025-04-26T04:45:58","date_gmt":"2025-04-26T08:45:58","guid":{"rendered":"https:\/\/menuculture.com\/recipeshop\/product\/madame-gougousse-vanilla-essence-8-oz\/"},"modified":"2025-08-12T00:15:37","modified_gmt":"2025-08-12T04:15:37","slug":"madame-gougousse-vanilla-essence-8-oz","status":"publish","type":"product","link":"https:\/\/menuculture.com\/recipeshop\/product\/madame-gougousse-vanilla-essence-8-oz\/","title":{"rendered":"Madame Gougousse Vanilla Essence, 8 OZ"},"content":{"rendered":"<ul>\n<li>Imported from France<\/li>\n<\/ul>\n<ul>\n<li>8 fl oz (pack of 1)<\/li>\n<\/ul>\n<ul>\n<li>Vanilla extract is made from carefully selected vanilla beans<\/li>\n<\/ul>\n<ul>\n<li>Adds rich and authentic vanilla flavor to desserts, beverages and culinary creations<\/li>\n<\/ul>\n<ul>\n<li>Perfect for baking, cooking and creating homemade vanilla extract<\/li>\n<\/ul>\n","protected":false},"excerpt":{"rendered":"<p> [&#8230;]\n","protected":false},"featured_media":245127,"comment_status":"open","ping_status":"closed","template":"","meta":{"wprm-recipe-roundup-name":"","wprm-recipe-roundup-description":"","wpupg_custom_link":[],"wpupg_custom_link_behaviour":[],"wpupg_custom_link_nofollow":[],"wpupg_custom_image":[],"wpupg_custom_image_id":[],"advanced_seo_description":"","jetpack_seo_html_title":"","jetpack_seo_noindex":false,"jetpack_post_was_ever_published":false,"_daim_seo_power":"","_daim_enable_ail":"","_FSMCFIC_featured_image_caption":"","_FSMCFIC_featured_image_nocaption":"","_FSMCFIC_featured_image_hide":""},"product_cat":[132789,132726,132727],"product_tag":[],"class_list":{"0":"post-245127","1":"product","2":"type-product","3":"status-publish","4":"has-post-thumbnail","6":"product_brand-madame-gougousse","7":"product_cat-cooking-baking","8":"product_cat-grocery-gourmet-food","9":"product_cat-pantry-staples","11":"first","12":"instock","13":"virtual","14":"purchasable","15":"product-type-simple"},"jetpack_sharing_enabled":true,"jetpack_likes_enabled":true,"jetpack-related-posts":[{"id":245168,"url":"https:\/\/menuculture.com\/recipeshop\/product\/magnolia-star-vanilla-bean-paste-16-oz-made-with-organic-agave-vanilla-bean-powder-double-strength-pure-vanilla-extract-8-oz-bottles-2-ct\/","url_meta":{"origin":245127,"position":0},"title":"Magnolia-Star Vanilla Bean Paste, 16 oz., Made with Organic Agave, Vanilla Bean Powder &#038; Double Strength Pure Vanilla Extract (8 oz. Bottles, 2 Ct)","author":"","date":"April 26, 2025","format":false,"excerpt":"VANILLA BEAN PASTE: Enhance the flavor of any recipe with Magnolia-Star Vanilla Bean Paste. Add vanilla bean flavoring and real vanilla bean specks to cakes, pudding, cookies, whipped cream, ice cream, coffee and cr\u00e8me br\u00fbl\u00e9e. CLEAN AND SIMPLE INGREDIENTS: Our natural vanilla paste is made with organic agave, vanilla bean\u2026","rel":"","context":"Similar post","block_context":{"text":"Similar post","link":""},"img":{"alt_text":"","src":"","width":0,"height":0},"classes":[]},{"id":248652,"url":"https:\/\/menuculture.com\/recipeshop\/product\/rodelle-gourmet-pure-vanilla-extract-8-oz\/","url_meta":{"origin":245127,"position":1},"title":"Rodelle Gourmet Pure Vanilla Extract, 8 Oz","author":"","date":"April 29, 2025","format":false,"excerpt":"PREMIUM VANILLA EXPERIENCE: Made with only pure ingredients; vanilla beans, water and alcohol, Rodelle's Gourmet Vanilla Extract is a premium vanilla extract. We hand-craft each batch from the finest vanilla beans for exceptional quality and flavor. GOURMET VANILLA: Rodelle Gourmet Pure vanilla extract is made with only three ingredients and\u2026","rel":"","context":"Similar post","block_context":{"text":"Similar post","link":""},"img":{"alt_text":"","src":"","width":0,"height":0},"classes":[]},{"id":245172,"url":"https:\/\/menuculture.com\/recipeshop\/product\/magnolia-star-vanilla-bean-paste-8-oz-bottle-made-with-organic-agave-vanilla-bean-powder-double-strength-pure-vanilla-extract-perfect-for-cakes-ice-cream-whipped-cream-pudding\/","url_meta":{"origin":245127,"position":2},"title":"Magnolia-Star Vanilla Bean Paste, 8 oz. Bottle, Made with Organic Agave, Vanilla Bean Powder &#038; Double Strength Pure Vanilla Extract, Perfect for Cakes, Ice Cream, Whipped Cream &#038; Pudding","author":"","date":"April 26, 2025","format":false,"excerpt":"No detailed information available for this product.","rel":"","context":"Similar post","block_context":{"text":"Similar post","link":""},"img":{"alt_text":"","src":"","width":0,"height":0},"classes":[]},{"id":248645,"url":"https:\/\/menuculture.com\/recipeshop\/product\/rodelle-paste-vanilla-4-fl-oz-pack-of-1\/","url_meta":{"origin":245127,"position":3},"title":"Rodelle Paste, Vanilla, 4 Fl Oz (Pack of 1)","author":"","date":"April 29, 2025","format":false,"excerpt":"Vanilla paste can be substituted for any vanilla bean or vanilla extract recipe Use in a 1: 1 ratio in any recipe that calls for vanilla extract or vanilla beans Contains flecks of vanilla beans as well as pure vanilla extract Low cost alternative while still maintaining the beautiful aesthetic\u2026","rel":"","context":"With 4 comments","block_context":{"text":"With 4 comments","link":"https:\/\/menuculture.com\/recipeshop\/product\/rodelle-paste-vanilla-4-fl-oz-pack-of-1\/#comments"},"img":{"alt_text":"","src":"","width":0,"height":0},"classes":[]},{"id":245827,"url":"https:\/\/menuculture.com\/recipeshop\/product\/molina-mexican-vanilla-blend-by-molina-vainilla-33-3-oz-1000-ml-vanillin-extract-by-molina-vanilla-33-3-fl-oz-pack-of-2\/","url_meta":{"origin":245127,"position":4},"title":"Molina Mexican Vanilla Blend By Molina Vainilla, 33.3 Oz \/ 1000 Ml (Vanillin Extract) by Molina Vanilla 33.3 fl oz (pack of 2)","author":"","date":"April 26, 2025","format":false,"excerpt":"Mexican Vanilla Blend By Molina Vainilla, 33.3 Oz \/ 1000 Ml (Vanillin Extract) 33.3oz (1000ml) 2 Pack Package Weight: 2.064 kilograms","rel":"","context":"Similar post","block_context":{"text":"Similar post","link":""},"img":{"alt_text":"","src":"","width":0,"height":0},"classes":[]},{"id":247291,"url":"https:\/\/menuculture.com\/recipeshop\/product\/villa-vainilla-pure-vanilla-extract-elixir-premium-concentrated-vanilla-real-natural-gourmet-vanilla-flavor-from-mexico-4-2-fl-oz\/","url_meta":{"origin":245127,"position":5},"title":"Villa Vainilla Pure Vanilla Extract Elixir- Premium Concentrated Vanilla, Real, Natural, Gourmet Vanilla Flavor from Mexico (4.2 FL OZ)","author":"","date":"April 27, 2025","format":false,"excerpt":"REAL VANILLA - Our Mexican Vanilla Extract is made with the best vanilla beans naturally cultivated in the fields of Papantla, Mexico, the motherland of vanilla, without any artificial pollination, greenhouses, or chemicals. FLAVORFUL & AROMATIC - The aroma of our pure Mexican vanilla beans is more potent and stronger\u2026","rel":"","context":"Similar post","block_context":{"text":"Similar post","link":""},"img":{"alt_text":"","src":"","width":0,"height":0},"classes":[]}],"_links":{"self":[{"href":"https:\/\/menuculture.com\/recipeshop\/wp-json\/wp\/v2\/product\/245127","targetHints":{"allow":["GET"]}}],"collection":[{"href":"https:\/\/menuculture.com\/recipeshop\/wp-json\/wp\/v2\/product"}],"about":[{"href":"https:\/\/menuculture.com\/recipeshop\/wp-json\/wp\/v2\/types\/product"}],"replies":[{"embeddable":true,"href":"https:\/\/menuculture.com\/recipeshop\/wp-json\/wp\/v2\/comments?post=245127"}],"wp:featuredmedia":[{"embeddable":true,"href":"https:\/\/menuculture.com\/recipeshop\/wp-json\/wp\/v2\/product\/245127"}],"wp:attachment":[{"href":"https:\/\/menuculture.com\/recipeshop\/wp-json\/wp\/v2\/media?parent=245127"}],"wp:term":[{"taxonomy":"product_cat","embeddable":true,"href":"https:\/\/menuculture.com\/recipeshop\/wp-json\/wp\/v2\/product_cat?post=245127"},{"taxonomy":"product_tag","embeddable":true,"href":"https:\/\/menuculture.com\/recipeshop\/wp-json\/wp\/v2\/product_tag?post=245127"}],"curies":[{"name":"wp","href":"https:\/\/api.w.org\/{rel}","templated":true}]}}