{"id":243341,"date":"2025-04-24T05:23:51","date_gmt":"2025-04-24T09:23:51","guid":{"rendered":"https:\/\/menuculture.com\/recipeshop\/product\/jamaican-pure-ginger-extract-16-oz-set-of-3\/"},"modified":"2025-08-11T15:13:53","modified_gmt":"2025-08-11T19:13:53","slug":"jamaican-pure-ginger-extract-16-oz-set-of-3","status":"publish","type":"product","link":"https:\/\/menuculture.com\/recipeshop\/product\/jamaican-pure-ginger-extract-16-oz-set-of-3\/","title":{"rendered":"Jamaican Pure Ginger Extract 16 oz &#8211; SET OF 3"},"content":{"rendered":"<ul>\n<li>Ginger Extract<\/li>\n<\/ul>\n","protected":false},"excerpt":{"rendered":"<p> [&#8230;]\n","protected":false},"featured_media":243341,"comment_status":"open","ping_status":"closed","template":"","meta":{"wprm-recipe-roundup-name":"","wprm-recipe-roundup-description":"","wpupg_custom_link":[],"wpupg_custom_link_behaviour":[],"wpupg_custom_link_nofollow":[],"wpupg_custom_image":[],"wpupg_custom_image_id":[],"advanced_seo_description":"","jetpack_seo_html_title":"","jetpack_seo_noindex":false,"jetpack_post_was_ever_published":false,"_daim_seo_power":"","_daim_enable_ail":"","_FSMCFIC_featured_image_caption":"","_FSMCFIC_featured_image_nocaption":"","_FSMCFIC_featured_image_hide":""},"product_cat":[132789,132726,132727],"product_tag":[],"class_list":{"0":"post-243341","1":"product","2":"type-product","3":"status-publish","4":"has-post-thumbnail","6":"product_brand-home-choice","7":"product_cat-cooking-baking","8":"product_cat-grocery-gourmet-food","9":"product_cat-pantry-staples","11":"first","12":"instock","13":"virtual","14":"purchasable","15":"product-type-simple"},"jetpack_sharing_enabled":true,"jetpack_likes_enabled":true,"jetpack-related-posts":[{"id":243344,"url":"https:\/\/menuculture.com\/recipeshop\/product\/rich-flavorful-jamaican-ginger-extract-16-oz\/","url_meta":{"origin":243341,"position":0},"title":"Rich Flavorful Jamaican Ginger Extract 16 oz","author":"","date":"April 24, 2025","format":false,"excerpt":"Sourced from fresh, organically grown ginger root (Zingiber officinale), our 16oz extract delivers maximum potency and purity in every drop. Non-GMO, Gluten-Free & Vegan Large 16oz Value Size \u2013 Long-lasting supply. Add to water, tea, or juice. Jamaican product made from Jamaican ginger - nice strong flavour","rel":"","context":"With 5 comments","block_context":{"text":"With 5 comments","link":"https:\/\/menuculture.com\/recipeshop\/product\/rich-flavorful-jamaican-ginger-extract-16-oz\/#comments"},"img":{"alt_text":"","src":"","width":0,"height":0},"classes":[]},{"id":243342,"url":"https:\/\/menuculture.com\/recipeshop\/product\/home-choice-jamaican-turmeric-ginger-extract-flavouring-454ml-16oz\/","url_meta":{"origin":243341,"position":1},"title":"Home Choice Jamaican Turmeric Ginger Extract \/ Flavouring &#8211; 454ml (16oz)","author":"","date":"April 24, 2025","format":false,"excerpt":"Natural Jamaican Turmeric and Ginger Strong Flavour Promotes Good Health Dilute Before Using","rel":"","context":"Similar post","block_context":{"text":"Similar post","link":""},"img":{"alt_text":"","src":"","width":0,"height":0},"classes":[]},{"id":243339,"url":"https:\/\/menuculture.com\/recipeshop\/product\/home-choice-jamaican-ginger-flavouring-extract-454ml-16oz\/","url_meta":{"origin":243341,"position":2},"title":"Home Choice Jamaican Ginger Flavouring \/ Extract &#8211; 454ml (16oz)","author":"","date":"April 24, 2025","format":false,"excerpt":"Strong Ginger Flavour Used for Baking Your Favourite Treats Add to Your Teas and Drinks","rel":"","context":"Similar post","block_context":{"text":"Similar post","link":""},"img":{"alt_text":"","src":"","width":0,"height":0},"classes":[]},{"id":240010,"url":"https:\/\/menuculture.com\/recipeshop\/product\/caribbean-dreams-jamaican-ginger-flavouring-16-fl-oz\/","url_meta":{"origin":243341,"position":3},"title":"Caribbean Dreams Jamaican Ginger Flavouring 16 fl. oz.","author":"","date":"April 20, 2025","format":false,"excerpt":"No detailed information available for this product.","rel":"","context":"With 5 comments","block_context":{"text":"With 5 comments","link":"https:\/\/menuculture.com\/recipeshop\/product\/caribbean-dreams-jamaican-ginger-flavouring-16-fl-oz\/#comments"},"img":{"alt_text":"","src":"","width":0,"height":0},"classes":[]},{"id":245168,"url":"https:\/\/menuculture.com\/recipeshop\/product\/magnolia-star-vanilla-bean-paste-16-oz-made-with-organic-agave-vanilla-bean-powder-double-strength-pure-vanilla-extract-8-oz-bottles-2-ct\/","url_meta":{"origin":243341,"position":4},"title":"Magnolia-Star Vanilla Bean Paste, 16 oz., Made with Organic Agave, Vanilla Bean Powder &#038; Double Strength Pure Vanilla Extract (8 oz. Bottles, 2 Ct)","author":"","date":"April 26, 2025","format":false,"excerpt":"VANILLA BEAN PASTE: Enhance the flavor of any recipe with Magnolia-Star Vanilla Bean Paste. Add vanilla bean flavoring and real vanilla bean specks to cakes, pudding, cookies, whipped cream, ice cream, coffee and cr\u00e8me br\u00fbl\u00e9e. CLEAN AND SIMPLE INGREDIENTS: Our natural vanilla paste is made with organic agave, vanilla bean\u2026","rel":"","context":"Similar post","block_context":{"text":"Similar post","link":""},"img":{"alt_text":"","src":"","width":0,"height":0},"classes":[]},{"id":235366,"url":"https:\/\/menuculture.com\/recipeshop\/product\/rodelle-pure-almond-extract-value-size-16-oz\/","url_meta":{"origin":243341,"position":5},"title":"Rodelle Pure Almond Extract, Value Size, 16 Oz","author":"","date":"March 26, 2025","format":false,"excerpt":"ELEVATE YOUR BAKING CREATIONS: Rodelle Pure Almond Extract, with its rich and delicate toasty notes, is a game-changer in baking. A few drops infuse your cakes, cookies, and pastries with a full, nutty flavor, creating a sensory delight for your taste buds. VALUE-SIZED, CULINARY VERSATILITY: Unleash the aromatic warmth of\u2026","rel":"","context":"With 5 comments","block_context":{"text":"With 5 comments","link":"https:\/\/menuculture.com\/recipeshop\/product\/rodelle-pure-almond-extract-value-size-16-oz\/#comments"},"img":{"alt_text":"","src":"","width":0,"height":0},"classes":[]}],"_links":{"self":[{"href":"https:\/\/menuculture.com\/recipeshop\/wp-json\/wp\/v2\/product\/243341","targetHints":{"allow":["GET"]}}],"collection":[{"href":"https:\/\/menuculture.com\/recipeshop\/wp-json\/wp\/v2\/product"}],"about":[{"href":"https:\/\/menuculture.com\/recipeshop\/wp-json\/wp\/v2\/types\/product"}],"replies":[{"embeddable":true,"href":"https:\/\/menuculture.com\/recipeshop\/wp-json\/wp\/v2\/comments?post=243341"}],"wp:featuredmedia":[{"embeddable":true,"href":"https:\/\/menuculture.com\/recipeshop\/wp-json\/wp\/v2\/product\/243341"}],"wp:attachment":[{"href":"https:\/\/menuculture.com\/recipeshop\/wp-json\/wp\/v2\/media?parent=243341"}],"wp:term":[{"taxonomy":"product_cat","embeddable":true,"href":"https:\/\/menuculture.com\/recipeshop\/wp-json\/wp\/v2\/product_cat?post=243341"},{"taxonomy":"product_tag","embeddable":true,"href":"https:\/\/menuculture.com\/recipeshop\/wp-json\/wp\/v2\/product_tag?post=243341"}],"curies":[{"name":"wp","href":"https:\/\/api.w.org\/{rel}","templated":true}]}}